ose 0 = j + 4 + 16. Let b be -5*(12/j)/1. Suppose 384 = b*r + r - 2*w, r + 2*w = 86. Is r a composite number?
True
Let v be (-20)/(-6) + (-6)/(-9). Let u = 55 + v. Is u a composite number?
False
Suppose -2 = -4*z - 2*q, 3*q + 3 + 0 = 0. Let p be z*((-24)/(-2))/(-3). Is (p/12)/(1/(-111)) prime?
True
Suppose -36*q = -30240 - 16236. Is q composite?
False
Let d = 131 - -5226. Is d a composite number?
True
Let n(u) = 183*u - 19. Is n(6) a prime number?
False
Let r(u) = 664*u**2. Let y be r(2). Let j = y - 903. Is j a prime number?
True
Let a(x) = x + 13. Let t be a(-17). Let d(l) = -16*l**3 + 4*l**2 - 2*l - 9. Is d(t) composite?
False
Let s(n) = -n**3 - n - 2*n - 4*n**2 + 2*n**3 + 0*n - 2. Let o be s(6). Suppose 4*t + o - 176 = 0. Is t a composite number?
False
Let x(h) = -12*h**3 - 8*h**2 + 17*h + 9. Let z(i) = -i**3 - i**2 + i - 1. Let s(m) = -x(m) + 4*z(m). Is s(6) composite?
True
Let r be -12*3*4/(-108)*-51. Let t be (61 - 2)*(2 - 1). Let g = t - r. Is g a prime number?
True
Suppose -3*v - 5*p + 10 = -24, -3*v + 66 = -3*p. Is v/(-6) - (0 + -194) a prime number?
True
Let i = -7256 + 10582. Is i prime?
False
Let d be 2/3 + (-305)/3. Let g = 472 + d. Is g a prime number?
False
Let f(b) = -92*b - 38. Let l be f(-13). Suppose -j = -h - l, 8*h = 3*j + 6*h - 3473. Is j prime?
False
Let g(f) = -f**2 + 6*f - 3. Let m be g(4). Suppose 4*a + 180 = 5*z, -m*a = 4*z + 328 - 62. Let q = a - -93. Is q prime?
True
Suppose -910*g - 134739 = -919*g. Is g prime?
False
Let f(g) = -3*g**3 - 26*g**2 - 55*g + 45. Let t(p) = -p**3 - 13*p**2 - 28*p + 23. Let m(l) = -2*f(l) + 5*t(l). Is m(15) prime?
False
Is -10*(105950/(-20) + -6) composite?
True
Let w(y) = -2*y**3 - 16*y**2 - 21*y + 10. Is w(-13) a composite number?
False
Suppose -g - 7*g = 1768. Let w = 624 + g. Is w composite?
True
Suppose -q = y - 2*q - 85, 5*y + 2*q = 425. Let j = y - 45. Suppose -j = -4*g + 100. Is g prime?
False
Suppose 4 = 2*m - 2. Suppose -m*y = -3322 + 1024. Suppose -4*u - 2*v = -y, 3*v - 5*v = 10. Is u composite?
True
Let j be 9/(-2)*10/(-15). Suppose -1163 = -h - b - 3*b, 0 = 4*h + j*b - 4613. Is h prime?
True
Is 1/(-11*6/(-322674)) composite?
False
Let n be (-1)/(-2)*(-220 - 10). Let i = -64 - n. Suppose -5*f = -v + i, 0 = -5*v + 4*f + 414 - 75. Is v composite?
False
Let d be 3/(4/3 + -1). Suppose -4*s + d*s - 4975 = 3*r, 0 = -2*r. Is s a prime number?
False
Let g = -291 - -470. Is g composite?
False
Let h = -17001 + 26663. Is h a prime number?
False
Let t be 24/14*21/6. Suppose -8*b + t*b = 62. Let o = 6 - b. Is o a prime number?
True
Let i = 39 + -34. Suppose 5*a - i*j = a + 11166, -4*j = 8. Is a prime?
True
Let r(k) = 2*k**3 + 4*k**2 - 15*k - 8. Is r(9) composite?
True
Suppose 4*w - 10*w = -192. Suppose 220 = k + w. Suppose 0 = -3*j + k + 175. Is j a prime number?
False
Let f = -2 - -5. Suppose 9 + f = -3*j, -d + 509 = 3*j. Is d composite?
False
Suppose j + 2427 = -4*y + 801, -y - 2 = 0. Let n = 4113 + j. Is n a prime number?
False
Suppose -5*h = 5 + 40. Is 32/(-14)*-716 + h/(-21) prime?
True
Let h = 3080 + -5290. Let i = 3649 + h. Is i composite?
False
Let s = 150 + -85. Let k be 9/(190/s + -3). Let x = k + 199. Is x prime?
False
Let s(o) = -304*o**3 - o**2 + 4*o + 2. Is s(-3) composite?
True
Let f(q) be the first derivative of -5*q**2 + 5*q - 13. Is f(-5) prime?
False
Let h = -372 - -955. Let s = -123 + 283. Let w = s + h. Is w prime?
True
Suppose -66*c = -26803 - 49163. Is c prime?
True
Let i be 6/(-21)*(-1 + -6). Suppose i*y - 60 = -g - 0*y, 4*g + 2*y = 234. Is g a composite number?
True
Let p = 32 + 325. Let s = 15 + -9. Suppose -p = -s*v + 3*v. Is v prime?
False
Suppose z = -4*z + 5680. Let i = z + -327. Is i composite?
False
Suppose 0*i + 10432 = 2*i - j, i + 4*j = 5207. Suppose -22*y - i = -27*y. Is y prime?
False
Let z be (1 - 2)/((-3)/6). Let k(w) = -w**3 + 4*w**2 - 4*w + 2. Let m be k(z). Suppose 0 = m*u - 20 - 72. Is u composite?
True
Let f(d) = 54*d - 257. Is f(30) prime?
False
Let f(n) = n + 6. Suppose -5*c + 48 = -3*t, -c + 4*t + 8 = -5. Let d be 2/3*c/(-2). Is f(d) a prime number?
True
Is (-54350)/(-6) - ((-30)/18 - -1) prime?
True
Let r be 5*(-3)/(-2)*2/3. Suppose r*p - 301 = -x, -2*p = 3*x + p - 879. Is x a composite number?
True
Let i = 33671 - 14478. Is i a prime number?
False
Let x(c) = c**2 - 4*c - 2. Let t be x(5). Suppose 154 = m + t*h, -162 = -3*m + 2*m + 5*h. Is m a composite number?
False
Let i = -14 - -17. Suppose i*g + g - 20 = 0. Suppose 0 = q - g*q + 212. Is q prime?
True
Let g(h) = -140*h + 1. Suppose -5*w + 68 = -c - 3*c, 0 = 5*w - c - 62. Suppose -13 = 5*m + w. Is g(m) a prime number?
True
Suppose 0 = 6*v - 11312 - 526. Is v a prime number?
True
Suppose 0*q + 4*q + t - 70121 = 0, -17525 = -q + 5*t. Is (-4)/6 - (-1 - q/15) a composite number?
True
Suppose -6*m - 7313 = -3*i - m, 0 = -3*i - 3*m + 7305. Suppose -v = -x + i, -5*x - 3*v = -6*v - 12190. Is x a prime number?
True
Let z(o) = 63*o + 18. Let f(x) be the first derivative of 21*x**2/2 + 6*x - 7. Let l(g) = -17*f(g) + 6*z(g). Is l(3) prime?
False
Let x = 196 - -1243. Is x a prime number?
True
Let c(h) = 2*h**3 + h**2 + 7*h + 6. Let p be c(6). Suppose -m - m = -p. Suppose -2*k + 32 + m = 0. Is k composite?
True
Suppose -3*n - 2 = r + 10, 0 = -4*r - 2*n + 2. Let i(l) = l**2 + 0*l - r + 2*l**2 - l - 2. Is i(-7) composite?
False
Suppose 4*h - 55274 = 2*q, 4*q = -h + 12421 + 1384. Is h prime?
False
Let r(g) = g**2 + g - 13. Let c be r(-7). Suppose 4*v + 5 = c. Suppose b - 54 = -q, q - b + 290 = v*q. Is q a prime number?
True
Let x = -2976 - -5719. Is x composite?
True
Suppose 5*i + 4*f - 29 = 0, f = 2*i - 0*i - 9. Suppose 3*v - 5*s = 1673, i*v - 4*s = 167 + 2604. Is v prime?
False
Let g be (18*-1)/(6/(-3054)). Suppose g = 2*z + 4*z. Is z prime?
False
Let v(d) be the third derivative of -d**6/120 + 11*d**5/30 + 3*d**4/4 - d**3/6 + 10*d**2. Is v(12) composite?
True
Let s be -6*(-3)/6 - -2. Suppose -4*j = -3*j - s. Suppose 4*g - j*g - 887 = -4*z, 5*z - 2*g = 1105. Is z a composite number?
False
Suppose -8*j - 40 + 328 = 0. Suppose k + 3*k = j. Is k a composite number?
True
Let y(c) = c**3 + 11*c**2 - 15*c - 1. Is y(-12) prime?
False
Suppose 22*w - 28*w + 59604 = 0. Is w prime?
False
Let g = -2029 + 4165. Let o = 3209 - g. Is o composite?
True
Let v(f) = f**3 - 12*f**2 - 14*f + 15. Let c be v(13). Suppose -3*h = 4*g - 743, -c*g + 7*g + 3*h = 931. Suppose g = -s + 5*s. Is s prime?
True
Let r(m) = -391*m**3 - 6*m**2 - 4*m - 3. Let f be (-9)/(-18) + (-10)/4. Is r(f) composite?
False
Suppose -9160 = n - 33101. Is n composite?
True
Is (-29255)/(-7) + -2 + 80/(-280) composite?
False
Suppose 0 = 2*j + 3*g - 14644, -3*j = -0*g + 3*g - 21963. Is j a composite number?
True
Suppose 2*b - 62 = -62. Suppose 4*m - 3*a = -13, -a - 4*a = 5*m + 25. Is b + 3 + m - -212 composite?
False
Suppose 0 = 8*b - 226393 + 57921. Is b a composite number?
False
Let i = 13011 - -22742. Is i a composite number?
False
Let g(n) = -n**3 + 3*n**2 + n + 6841. Let l be 0*4/(-8 - 0). Is g(l) composite?
False
Suppose -3*r - 2*p + 19484 = 0, -r + 2*r - 6476 = 4*p. Let f(i) = -i + 11. Let w be f(6). Suppose -m + 887 = -u, -3*u - 2041 = w*m - r. Is m prime?
False
Is -10772*(-1)/14 - (-15)/(-35) a prime number?
True
Suppose -4*x = x + 2*s - 10, 5*x - 5*s = 10. Is x/(-5) + 43173/45 composite?
True
Suppose 0 = -4*i + 3*z - 72, -2*i - 8*z - 36 = -4*z. Is (-3693)/i - (-2)/(-12) composite?
True
Suppose -t + 5*s - 20 = -6*t, 4*t + 2*s = 16. Suppose -5*d + 5*c = 0, -2*d - t*c = 3*d. Suppose d = 5*h - 4*m - 243, 5*h - h = -4*m + 180. Is h prime?
True
Suppose -210*z + 215*z - 22665 = 0. Is z composite?
True
Suppose -1858 + 4931 = 7*r. Let y = -228 + r. Is y composite?
False
Let o(x) = x**2 - x. Let p(l) = 8*l**3 + l**2 + 13*l - 13. Let h(s) = -3*o(s) - p(s). Is h(-6) a prime number?
True
Is (-7)/(-21)*277*33 a prime number?
False
Suppose -120129 = -5*s - 10804. Is s a composite number?
True
Let n = -87 + -15. Let t = n - -217. Is t composite?
True
Let d be (4/10)/(2/80). Let q = d - 16. Suppose 3*n = -5*l - 55 + 315, q = 2*l - 2. Is n a composite number?
True
Suppose 0 = -2*a - 202 - 122. Let v = a - -281. Is v a prime number?
False
Let i = -29 + 29. Suppose i = 2*k + k - 258. Is k prime?
False
Let n be (9/(-27) + 2/(-12))*0. Suppose n*c + 2*c - 6988 = 0. 